e -w + 0*w + 34 = 0. Let l = w - 14. Suppose -h - 55 = -3*p + 43, l = 5*h. Is p composite?
True
Let d = 21 + 37. Let v = 21 + d. Is v prime?
True
Suppose 4 = -z + 35. Let r = z - 15. Suppose -r = 4*q - 2*f - 72, 2*f + 17 = q. Is q prime?
True
Is (1/(-3))/((39/48429)/(-13)) prime?
True
Let z(d) = 10*d - 3. Let y(x) = 1 + 0 + 4*x**2 - 7*x + x**3 - 7. Let g be y(-5). Is z(g) a prime number?
True
Let j = 1541 - 1098. Is j a composite number?
False
Let u be 1 - 1 - 1 - -3. Let j(s) = 18*s**2 + s + 4. Let h be j(-7). Suppose -u*f = f - h. Is f a prime number?
True
Let p be ((-64)/5)/(1/(-15)). Let y = p + -105. Is y prime?
False
Let m(v) = -4*v**3 - 3*v**2 - 4*v - 6. Let u(f) = -11*f**3 - 8*f**2 - 11*f - 17. Let p(r) = 8*m(r) - 3*u(r). Let j be p(0). Suppose j*q = -q + 28. Is q prime?
True
Let c(q) = q + 12. Let p be c(-14). Is p/11 - (-45150)/154 a prime number?
True
Let b(p) = -15*p + 4. Let t(i) = 16*i - 5. Let f(r) = -4*b(r) - 3*t(r). Is f(4) a prime number?
True
Let c(v) = -27*v + 6. Let u be c(4). Let d = 189 + u. Is d prime?
False
Let c(b) = 171*b + 4. Is c(3) a prime number?
False
Let q = -738 + 1715. Is q composite?
False
Suppose i = -441 + 1180. Is i a prime number?
True
Suppose 0*a = -a - 184. Let s = -111 - a. Is 2*s + (-8 - -11) a composite number?
False
Let h be 70/90 + 2/9. Let q(k) = 198*k**2 + k. Is q(h) a prime number?
True
Let d be 62/(((-6)/(-11))/3). Suppose 0 = 3*h + 3, -v + 2*h + 8 = -d. Is v a prime number?
True
Let w(f) = f**2 - f + 1. Suppose 6*h - 4*h + 6 = 5*k, 5*k + 6 = -2*h. Suppose 3*t + 4 + 17 = k. Is w(t) composite?
True
Suppose -3 + 4 = -l. Let u be l/((-33)/15 + 2). Suppose 2*b - 5*k - 42 = -2*k, -u*b + 3*k = -87. Is b composite?
True
Let q = -1 + 3. Let l = q - 0. Suppose 4*t - 268 = -x, x + 4*x = -l*t + 134. Is t composite?
False
Suppose 2*o = 4*n - 3360, 4*n - 1682 = 2*n + 2*o. Is n a composite number?
False
Let n(r) = r**2 + r + 2. Let w be n(7). Suppose 0 = -3*d + 53 + w. Is d a composite number?
False
Suppose -f - 8 = -0*f + 4*r, 5*r = -5*f - 10. Let t(b) = 3*b + 5 + 8 - 2*b. Is t(f) a prime number?
True
Suppose 10 = g + 7*l - 3*l, 8 = g + 2*l. Let s(d) = -d**2 + 7*d - 6. Let x be s(g). Suppose -120 = -2*z + 2*a, -5*z + x*z + 3*a + 290 = 0. Is z composite?
True
Let c be (1 + -1)/(2 - 4). Suppose c = -2*s + 3*t + 1 - 4, 15 = 5*t. Suppose -2*i + 33 = 3*k, s*i = -2*k + 4*k - 35. Is k a prime number?
True
Is 16/24*(-402)/(-4) a composite number?
False
Let l(z) = -z**2 - 2*z + 371. Is l(0) a prime number?
False
Let w(q) = -45*q + 7. Let u be w(-5). Let b = 208 + -101. Suppose -u - b = -3*j. Is j composite?
False
Suppose -8*p - 124 = -6*p. Let g = -20 + p. Let f = -33 - g. Is f a composite number?
True
Suppose 0 = -t + 5*t - 8. Suppose 0*o = -5*f - 5*o + 5, 0 = -f - 2*o + 2. Suppose f = -d + t*d - 7. Is d a prime number?
True
Let x(y) = -2*y + 185. Suppose 2*z + 4*r - 9 = 3, -4*r = -12. Is x(z) a composite number?
True
Let d(b) be the first derivative of 2*b + 2*b**2 - 1/4*b**4 - 1 - 2/3*b**3. Is d(-5) a composite number?
True
Suppose -126 = -2*r + 448. Is r prime?
False
Suppose 0 = -2*l + 8, 5*m + 3*l = -0*m + 32. Suppose 0 = m*y - 6 + 2. Is (-185)/(-10) + y/2 a prime number?
True
Suppose 4*c + 5*b = -47, -2*c + 3 = -b + 16. Let d = c + 19. Is d a prime number?
True
Suppose n = -a + 258, -770 = -0*a - 3*a - 2*n. Is a composite?
True
Let b be ((-6)/(-9))/((-1)/(-6)). Suppose j + 1341 = b*j. Suppose 2*f - j = 23. Is f a composite number?
True
Is ((-2)/3)/((-28)/3486) prime?
True
Let n = 15979 - 10598. Is n prime?
True
Is 1 + 179 + (2 - 3) a composite number?
False
Let w(n) = 3*n**2 + 4*n - 7. Let y = -8 + 15. Let i be w(y). Suppose 5*l - 662 - i = 0. Is l a composite number?
True
Suppose -w + 0*w = -69. Suppose 6 - w = -3*l. Is l a prime number?
False
Let d(y) = 16*y**2 + 34*y + 6. Let u(f) = 3*f**2 + 7*f + 1. Let c(n) = 2*d(n) - 11*u(n). Let s be c(-9). Is 18*(s + 1/(-2)) prime?
False
Let k be -2*(-186)/(-4) - -2. Let f = k - -456. Is f a prime number?
False
Suppose q + 4 = 3*q. Suppose 830 = 5*s - o, -664 = -7*s + 3*s - 3*o. Suppose -y - 2*t = 2*y - 275, 0 = -q*y + 3*t + s. Is y a composite number?
False
Suppose z = -1, -3*f = -3*z + z - 635. Is f prime?
True
Let x(b) = -b**3 + 3*b**2 + 7*b - 2. Let h be x(6). Let k = -109 - h. Let o = 5 - k. Is o a composite number?
True
Let k be (-2)/(-7) + (-10)/35. Suppose x - 4*l - 7 = k, 3*l = 5*x + 2*l - 54. Suppose -n - 5*r + 0*r = -x, -3*n = 4*r - 55. Is n a prime number?
False
Suppose 0 = -5*r - 4 - 6. Is r/(-2 + (-288)/(-148)) prime?
True
Suppose 94 + 259 = n. Let y = n + -220. Is y a prime number?
False
Suppose f = 2*z - 5, 3*f = 4*z - 7 - 0. Suppose -5 = z*q + 7. Let u = q + 58. Is u a prime number?
False
Let a = 330 - -79. Is a prime?
True
Suppose d = 4*d - 6. Let r be 0 - (d + 1) - -7. Suppose 0 = -2*o + r*o - 38. Is o composite?
False
Suppose 507 = -y - p + 3770, 5*y + 4*p = 16314. Suppose -2*z = -5*m + z + y, -3*m + 3*z = -1956. Is m a prime number?
True
Is (-2)/5 - (-1 - 34960/25) prime?
True
Let w be (4/(-6))/(2/(-969)). Suppose -a = -w + 107. Suppose 2*h + 28 = a. Is h composite?
True
Let q(w) = 5*w**3 + 0 + 5*w**2 + 5*w - 4*w**3 + 4. Let m be q(-4). Suppose m = -0*x + 3*x - 30. Is x a prime number?
False
Let v(a) = -7*a + 6. Let o(p) = p**2 - 20*p + 17. Let d(c) = 4*o(c) - 11*v(c). Let b be d(2). Suppose -b = 5*x - 67. Is x a composite number?
False
Let c be (4*1)/((-15)/270). Let n = 23 - c. Is n a prime number?
False
Suppose 14 = 5*b - 6. Suppose -u = 3*u - b. Is u/(2 + 314/(-158)) composite?
False
Let l(o) = 2*o**3 - 3*o**2 - o + 2. Let z be l(2). Let r = 6 - z. Suppose -4 = r*t - 3*t + 2*p, 2*p = 2. Is t prime?
False
Suppose 3*r + 188 = 941. Is r a composite number?
False
Suppose -4*i = -131 - 89. Is i a composite number?
True
Let i(n) = -2*n - 4. Let k be i(-3). Let h(j) = 14*j**3 + 2*j**2 - 2*j - 1. Is h(k) a prime number?
False
Let i(o) = -8*o**2 - 2. Let u(v) = -9*v**2 - v - 3. Let l(j) = -4*i(j) + 3*u(j). Is l(3) prime?
False
Let w(i) = 3*i**3 - 12*i**2 - 16*i + 6. Is w(11) a composite number?
False
Let m(x) = -20*x + 6 - 19*x + 15*x. Let p be m(-5). Suppose 0 = 5*r - 4*a - p, r + 3*r - 4*a - 104 = 0. Is r a composite number?
True
Let n(u) = -9*u - 6. Let x be n(-4). Suppose 9 = -c + x. Is c composite?
True
Let n be (-1 - -1) + 4/2. Suppose -n*v - b + 84 = -v, 5*b = -3*v + 254. Is v a composite number?
False
Let l be (-4)/(-18) - 52/(-9). Let s be l/(1 - 3/(-6)). Suppose 11 = s*a - 1, 0 = b - a - 50. Is b a composite number?
False
Let i(l) = l**3 + 14*l**2 + 13*l - 9. Is i(-12) composite?
True
Let o = 6 + -2. Suppose -142 = -o*r + 358. Let f = r - 72. Is f composite?
False
Let v be 14/4 + 1/2. Suppose -3*r + 2*l = -r - 136, 4*r = -v*l + 296. Is r prime?
True
Let a(v) = v - 4. Let l be a(3). Let h be 0*(-1 - 0)*l. Let w = h + 6. Is w composite?
True
Let n be (-48)/15*(-30)/(-3). Let y(h) = h**3 - h**2 - 6*h + 5. Let a be y(5). Let g = n + a. Is g a composite number?
False
Let z(g) = 2*g**2 + 5*g + 6. Let h be z(-7). Suppose -5*p - 344 = -4*f - 8*p, h = f + 5*p. Is f a composite number?
False
Let a(y) = 2*y**3 - 15*y**2 + 5*y + 10. Let w be a(10). Suppose -1618 + w = -2*x. Is x prime?
False
Suppose 0*t = -2*t + 168. Let k = t + -51. Is k a prime number?
False
Let j(m) = -m**3 - 10*m**2 - 3*m - 8. Is j(-10) prime?
False
Let m(o) = -20*o + 7. Let k(t) = t - 1. Let v be k(-5). Is m(v) a prime number?
True
Is 85 + (3 + -11)/(-2) a prime number?
True
Suppose -l + 5*y + 344 = -5, -y + 337 = l. Is l a composite number?
True
Let n be 20516/18 - (-2)/9. Is 11/(33/n) + -3 prime?
False
Suppose -5*s + 3 = -12. Suppose 15 = 5*n, 0 = w - s*n - 0*n + 4. Suppose 2*b + 2*m = -2*b + 4, -32 = -4*b + w*m. Is b a prime number?
True
Let q(d) = 4*d**2 - 5*d**2 - 10 + 2*d**2 - 14*d. Let o be q(10). Let c = o + 105. Is c a prime number?
False
Let w(y) = -y**2 + 5*y + 6. Let i be w(6). Suppose -f + 309 = 3*r - 4*f, i = -2*f. Is r prime?
True
Suppose 2*y - 172 = 58. Suppose -19 - y = -f. Is f a composite number?
True
Let x = -172 - -383. Is x prime?
True
Let d be 6/(-27) + 1084/18. Let t be (-4)/14 + d/14. Suppose -t*i - i = -35. Is i composite?
False
Let h(r) be the third derivative of r**5/3 - r**4/12 - 7*r**3/6 - 4*r**2. Is h(7) a composite number?
True
Let f(m) be the fi